{"id":2,"date":"2021-12-27T17:19:03","date_gmt":"2021-12-27T17:19:03","guid":{"rendered":"https:\/\/renewdesign.com.br\/2022\/?page_id=2"},"modified":"2022-01-03T16:53:11","modified_gmt":"2022-01-03T16:53:11","slug":"sample-page","status":"publish","type":"page","link":"https:\/\/renewdesign.com.br\/2022\/","title":{"rendered":"Por que sua empresa PRECISA estar na internet?"},"content":{"rendered":"\n<blockquote class=\"wp-block-quote is-layout-flow wp-block-quote-is-layout-flow\"><p>Uma presen\u00e7a digital pode trazer v\u00e1rios benef\u00edcios para seu neg\u00f3cio, n\u00e3o importa o tamanho. Veja como abaixo:<\/p><\/blockquote>\n\n\n\n<p>Vou come\u00e7ar esse artigo com uma frase um pouco batida, mas que n\u00e3o deixa de ser uma grande verdade: todos sabemos o quanto a internet tem transformado a forma como vivemos.&nbsp;<\/p>\n\n\n\n<p>Mais da metade dos brasileiros tem acesso \u00e0 internet de alguma forma. E entre essas pessoas, 87% usam o celular ou o computador para pesquisar produtos e servi\u00e7os e 70% procuram opini\u00f5es de outras pessoas que j\u00e1 experimentaram aquele produto ou servi\u00e7o. Se a internet afeta a forma como nos comunicamos, pensamos, compramos, por que sua empresa n\u00e3o estaria presente nessa grande mudan\u00e7a?<\/p>\n\n\n\n<p>Com a economia desacelerada no Brasil, \u00e9 comum n\u00e3o pensar em investimentos como comunica\u00e7\u00e3o ou estrat\u00e9gia de marketing. Mas ao contr\u00e1rio do que muita gente imagina, esse investimento pode se tornar uma grande oportunidade de expans\u00e3o para o seu neg\u00f3cio &#8211; e sem precisar mover grandes quantidades de dinheiro. Abaixo, vou apresentar alguns motivos pelos quais \u00e9 importante marcar presen\u00e7a no ambiente digital:<\/p>\n\n\n\n<h2 class=\"wp-block-heading\"><strong>Seu neg\u00f3cio ganha mais visibilidade<\/strong><\/h2>\n\n\n\n<p>Voc\u00ea pode oferecer um atendimento incr\u00edvel e um produto de alt\u00edssima qualidade. Mas de que adianta tudo isso se \u00e9 dif\u00edcil encontrar informa\u00e7\u00f5es sobre o que voc\u00ea faz?<\/p>\n\n\n\n<p>Mesmo que seu neg\u00f3cio seja local, hoje \u00e9 comum realizar pesquisas no Google sobre v\u00e1rios tipos de estabelecimento, por causa da comodidade e da rapidez em conseguir informa\u00e7\u00f5es. Por isso, estar presente em ferramentas como o Google My Business, redes sociais e um site \u00e9 importante para que o usu\u00e1rio encontre informa\u00e7\u00f5es sobre o que sua empresa oferece, avalia\u00e7\u00f5es de outros usu\u00e1rios e como chegar at\u00e9 seu endere\u00e7o. Ou seja, ter uma presen\u00e7a online pode funcionar, no m\u00ednimo, como um canal de contato prim\u00e1rio entre voc\u00ea e seu p\u00fablico.\u00a0<\/p>\n\n\n\n<h2 class=\"wp-block-heading\"><strong>Voc\u00ea aprofunda o relacionamento com seu p\u00fablico<\/strong><\/h2>\n\n\n\n<p>A internet \u00e9 um meio democr\u00e1tico de comunica\u00e7\u00e3o livre. Por isso, atrav\u00e9s dela, voc\u00ea pode estreitar a rela\u00e7\u00e3o empresa-cliente. Al\u00e9m disso, o consumidor tem exercido um papel muito mais ativo em rela\u00e7\u00e3o \u00e0s empresas e aos servi\u00e7os que s\u00e3o oferecidos. Por isso, as avalia\u00e7\u00f5es s\u00e3o t\u00e3o importantes para o sucesso de um neg\u00f3cio. Se voc\u00ea conseguir extrair o m\u00e1ximo poss\u00edvel das possibilidades de manter o relacionamento com seu cliente online, a tend\u00eancia \u00e9 a de aumentar a reten\u00e7\u00e3o de clientes, a fideliza\u00e7\u00e3o e, claro, as vendas.&nbsp;<\/p>\n\n\n\n<p>Por isso, esteja sempre atento aos coment\u00e1rios positivos e negativos sobre sua empresa. Responda aos coment\u00e1rios, esteja pronto para responder \u00e0s d\u00favidas mais comuns e tamb\u00e9m para gerenciar crises. Se algu\u00e9m fizer uma reclama\u00e7\u00e3o grave, pe\u00e7a um contato direto, como e-mail ou telefone, e entre em contato imediatamente para resolver. Isso faz com que o cliente se sinta ouvido e acolhido, e isso com certeza conta muitos pontos.<\/p>\n\n\n\n<h2 class=\"wp-block-heading\"><strong>Voc\u00ea otimiza processos<\/strong><\/h2>\n\n\n\n<p>Com a facilidade dos aplicativos de mensagem, como o Whatsapp, por exemplo, muita gente prefere entrar em contato dessa forma do que ligando, por exemplo. Por isso, \u00e9 importante facilitar a vida do seu potencial cliente disponibilizando o m\u00e1ximo de informa\u00e7\u00f5es poss\u00edvel. Se voc\u00ea tem um restaurante, pode colocar o menu nas redes sociais e no site, por exemplo. Voc\u00ea oferece servi\u00e7o de delivery tamb\u00e9m? Pense em como ativar esse servi\u00e7o via Whatsapp tamb\u00e9m. Assim, voc\u00ea tem os dados do cliente e pode oferecer promo\u00e7\u00f5es exclusivas, brindes e outras a\u00e7\u00f5es promocionais para estreitar a rela\u00e7\u00e3o.<\/p>\n\n\n\n<h2 class=\"wp-block-heading\"><strong>Voc\u00ea atinge o p\u00fablico certo &#8211; e aumenta suas vendas<\/strong><\/h2>\n\n\n\n<p>A internet proporciona o acesso a informa\u00e7\u00f5es de todos os tipos, por mais espec\u00edficos que sejam. E \u00e9 justamente por isso que \u00e9 t\u00e3o importante estar presente online, mesmo sendo um neg\u00f3cio pequeno e local. Em primeiro lugar, voc\u00ea ganha espa\u00e7o no seu segmento e sai na frente da concorr\u00eancia que ainda n\u00e3o est\u00e1 no digital. Em segundo lugar, com uma boa estrat\u00e9gia, voc\u00ea tem a possibilidade de direcionar sua comunica\u00e7\u00e3o diretamente para o p\u00fablico que deseja atingir. E se voc\u00ea oferece um produto para quem provavelmente precisa dele, ou pode se interessar por ele, as chances de fechar uma venda aumentam naturalmente, certo?&nbsp;<\/p>\n\n\n\n<p>Resumindo, estar presente em canais b\u00e1sicos na internet (site, redes sociais, Google) vai passar credibilidade para o seu neg\u00f3cio, facilitar que sua empresa seja encontrada, estreitar sua rela\u00e7\u00e3o com o p\u00fablico e expandir suas possibilidades de neg\u00f3cio. Tudo isso com um custo baix\u00edssimo. A internet \u00e9 t\u00e3o democr\u00e1tica que voc\u00ea pode escolher o quanto vai investir no marketing digital &#8211; e todas as op\u00e7\u00f5es de investimento trazem algum tipo de retorno recompensador.&nbsp;<\/p>\n","protected":false},"excerpt":{"rendered":"<p>Uma presen\u00e7a digital pode trazer v\u00e1rios benef\u00edcios para seu neg\u00f3cio, n\u00e3o importa o tamanho. Veja como abaixo: Vou come\u00e7ar esse artigo com uma frase um&hellip;<\/p>\n","protected":false},"author":1,"featured_media":0,"parent":0,"menu_order":0,"comment_status":"closed","ping_status":"open","template":"","meta":{"footnotes":""},"class_list":["post-2","page","type-page","status-publish","hentry"],"_links":{"self":[{"href":"https:\/\/renewdesign.com.br\/2022\/wp-json\/wp\/v2\/pages\/2","targetHints":{"allow":["GET"]}}],"collection":[{"href":"https:\/\/renewdesign.com.br\/2022\/wp-json\/wp\/v2\/pages"}],"about":[{"href":"https:\/\/renewdesign.com.br\/2022\/wp-json\/wp\/v2\/types\/page"}],"author":[{"embeddable":true,"href":"https:\/\/renewdesign.com.br\/2022\/wp-json\/wp\/v2\/users\/1"}],"replies":[{"embeddable":true,"href":"https:\/\/renewdesign.com.br\/2022\/wp-json\/wp\/v2\/comments?post=2"}],"version-history":[{"count":1,"href":"https:\/\/renewdesign.com.br\/2022\/wp-json\/wp\/v2\/pages\/2\/revisions"}],"predecessor-version":[{"id":19,"href":"https:\/\/renewdesign.com.br\/2022\/wp-json\/wp\/v2\/pages\/2\/revisions\/19"}],"wp:attachment":[{"href":"https:\/\/renewdesign.com.br\/2022\/wp-json\/wp\/v2\/media?parent=2"}],"curies":[{"name":"wp","href":"https:\/\/api.w.org\/{rel}","templated":true}]}}