{"id":20,"date":"2022-01-03T17:17:56","date_gmt":"2022-01-03T17:17:56","guid":{"rendered":"https:\/\/renewdesign.com.br\/2022\/?page_id=20"},"modified":"2022-01-03T17:23:29","modified_gmt":"2022-01-03T17:23:29","slug":"quem-somos","status":"publish","type":"page","link":"https:\/\/renewdesign.com.br\/2022\/quem-somos\/","title":{"rendered":"Quem somos"},"content":{"rendered":"\n<p>Criada em 2008, a\u00a0<strong>RENEW DESIGN<\/strong>\u00a0\u00e9 uma Ag\u00eancia Digital especializada no estudo, defini\u00e7\u00e3o, desenvolvimento e implanta\u00e7\u00e3o de projetos web. Combinamos tecnologia, inform\u00e1tica, marketing, design, estrat\u00e9gia digital, gest\u00e3o de neg\u00f3cios e toda a infra-estrutura necess\u00e1ria para identificar, realizar e disponibilizar resultados. Oferecemos solu\u00e7\u00f5es globais, proporcionando atendimento completo, e maior satisfa\u00e7\u00e3o, produtividade e resultado para os nossos clientes. Utilizando nosso Know-how na \u00e1rea. H\u00e1 7 anos \u00e9ramos especializados somente em Comunica\u00e7\u00e3o Digital, mas com o passar dos anos ampliamos a nossa atua\u00e7\u00e3o, expandindo para uma\u00a0<strong>comunica\u00e7\u00e3o visual<\/strong>\u00a0completa. Impress\u00e3o digital, adesivos, banners, luminosos, fachadas em ACM e projetos especiais.<\/p>\n\n\n\n<h2 class=\"wp-block-heading\">Porque contratar a Renew Design?<\/h2>\n\n\n\n<p>A <strong>Renew Design<\/strong> \u00e9 especializada em solu\u00e7\u00f5es para Internet com foco em marketing. O resultado disso \u00e9 especializa\u00e7\u00e3o e a constante evolu\u00e7\u00e3o dentro de nosso segmento de atua\u00e7\u00e3o. Hoje tamb\u00e9m somos especializados na \u00e1rea da <strong>Comunica\u00e7\u00e3o Visual<\/strong>.<\/p>\n\n\n\n<p>A  <strong>Renew Design<\/strong> est\u00e1 focada em desenvolver um trabalho cont\u00ednuo com extrema assist\u00eancia ao cliente. Nosso neg\u00f3cio \u00e9 atender bem para atender sempre.<\/p>\n\n\n\n<p>Somos auto-suficientes em termos de tecnologia, multim\u00eddia e design. Entre nossos desenvolvedores est\u00e3o designers com ampla experi\u00eancia, programadores e web designers. Na \u00e1rea de <strong>Comunica\u00e7\u00e3o Visual,<\/strong> contamos com profissionais especializados e equipamentos de ponta para atender \u00e0s necessidades de nossos clientes. <\/p>\n\n\n\n<p>Estudamos minuciosamente a necessidade de cada cliente de acordo com o mercado.<\/p>\n\n\n\n<p>Criar e executar trabalhos inovadores e impactantes que excedam as expectativas de nossos clientes.<\/p>\n\n\n\n<h4 class=\"wp-block-heading\">Nossa miss\u00e3o \u00e9  criar e executar trabalhos inovadores e impactantes que excedam as expectativas de nossos clientes. Crescer e se tornar refer\u00eancia no segmento de comunica\u00e7\u00e3o digital e visual criativa.<\/h4>\n\n\n\n<p>Transpar\u00eancia, \u00e9tica e profissionalismo. Contribui\u00e7\u00e3o de forma direta e indireta na vida de nossos colaboradores e parceiros..<\/p>\n","protected":false},"excerpt":{"rendered":"<p>Criada em 2008, a\u00a0RENEW DESIGN\u00a0\u00e9 uma Ag\u00eancia Digital especializada no estudo, defini\u00e7\u00e3o, desenvolvimento e implanta\u00e7\u00e3o de projetos web. Combinamos tecnologia, inform\u00e1tica, marketing, design, estrat\u00e9gia digital,&hellip;<\/p>\n","protected":false},"author":1,"featured_media":0,"parent":0,"menu_order":0,"comment_status":"closed","ping_status":"closed","template":"","meta":{"footnotes":""},"class_list":["post-20","page","type-page","status-publish","hentry"],"_links":{"self":[{"href":"https:\/\/renewdesign.com.br\/2022\/wp-json\/wp\/v2\/pages\/20","targetHints":{"allow":["GET"]}}],"collection":[{"href":"https:\/\/renewdesign.com.br\/2022\/wp-json\/wp\/v2\/pages"}],"about":[{"href":"https:\/\/renewdesign.com.br\/2022\/wp-json\/wp\/v2\/types\/page"}],"author":[{"embeddable":true,"href":"https:\/\/renewdesign.com.br\/2022\/wp-json\/wp\/v2\/users\/1"}],"replies":[{"embeddable":true,"href":"https:\/\/renewdesign.com.br\/2022\/wp-json\/wp\/v2\/comments?post=20"}],"version-history":[{"count":2,"href":"https:\/\/renewdesign.com.br\/2022\/wp-json\/wp\/v2\/pages\/20\/revisions"}],"predecessor-version":[{"id":23,"href":"https:\/\/renewdesign.com.br\/2022\/wp-json\/wp\/v2\/pages\/20\/revisions\/23"}],"wp:attachment":[{"href":"https:\/\/renewdesign.com.br\/2022\/wp-json\/wp\/v2\/media?parent=20"}],"curies":[{"name":"wp","href":"https:\/\/api.w.org\/{rel}","templated":true}]}}